{"id":29439,"date":"2025-03-19T10:03:04","date_gmt":"2025-03-19T09:03:04","guid":{"rendered":"https:\/\/ulmerzelt.de\/?post_type=mec-events&#038;p=29439"},"modified":"2025-03-25T13:29:23","modified_gmt":"2025-03-25T12:29:23","slug":"2025_flohmarkt","status":"publish","type":"mec-events","link":"https:\/\/ulmerzelt.de\/?mec-events=2025_flohmarkt","title":{"rendered":"Ulmer Zelt Flohmarkt"},"content":{"rendered":"\n<p>Unsere traditionellen Flohm\u00e4rkte finden jeweils von 08:00 bis 16:00 Uhr statt. Der Aufbau beginnt ab 5:30 Uhr. Die Standgeb\u00fchr betr\u00e4gt 7\u20ac\/Meter und beinhaltet einen KFZ-Stellplatz. Eine Anmeldung ist nicht erforderlich und es gibt keine Alternativtermine.<\/p>\n\n\n\n<p>Sollten die Wetterbedingungen zu schlecht sein, informieren wir euch \u00fcber eine Absage einen Tag vor dem Flohmarkt bis sp\u00e4testens 15 Uhr. Bei Fragen schreibt uns gerne an\u00a0<a href=\"mailto:flohmarkt@ulmerzelt.de\">flohmarkt@ulmerzelt.de<\/a><\/p>\n\n\n\n<p>Es ist keine Anmeldung n\u00f6tig,\u00a0bitte beachtet unsere <a href=\"https:\/\/ulmerzelt.de\/?page_id=5870\">Marktordnung<\/a>.<\/p>\n","protected":false},"excerpt":{"rendered":"<p>Unsere traditionellen Flohm\u00e4rkte finden jeweils von 08:00 bis 16:00 Uhr statt. Der Aufbau beginnt ab 5:30 Uhr. Die Standgeb\u00fchr betr\u00e4gt 7\u20ac\/Meter und beinhaltet einen KFZ-Stellplatz. Eine Anmeldung ist nicht erforderlich und es gibt keine Alternativtermine. Sollten die Wetterbedingungen zu schlecht sein, informieren wir euch \u00fcber eine Absage einen Tag vor dem Flohmarkt bis sp\u00e4testens 15 &hellip;<\/p>\n<p class=\"read-more\"> <a class=\"ast-button\" href=\"https:\/\/ulmerzelt.de\/?mec-events=2025_flohmarkt\"> <span class=\"screen-reader-text\">Ulmer Zelt Flohmarkt<\/span> Read More \u00bb<\/a><\/p>\n","protected":false},"author":2,"featured_media":6566,"comment_status":"closed","ping_status":"closed","template":"","meta":{"site-sidebar-layout":"default","site-content-layout":"default","ast-global-header-display":"","ast-main-header-display":"","ast-hfb-above-header-display":null,"ast-hfb-below-header-display":null,"ast-hfb-mobile-header-display":"","site-post-title":"","ast-breadcrumbs-content":null,"ast-featured-img":"","footer-sml-layout":"","theme-transparent-header-meta":"","adv-header-id-meta":"","stick-header-meta":"","header-above-stick-meta":null,"header-main-stick-meta":"","header-below-stick-meta":null,"ngg_post_thumbnail":0},"tags":[],"mec_category":[157],"mec_speaker":[],"mec_sponsor":[],"class_list":["post-29439","mec-events","type-mec-events","status-publish","has-post-thumbnail","hentry","mec_category-flohmarkt"],"jetpack_sharing_enabled":true,"_links":{"self":[{"href":"https:\/\/ulmerzelt.de\/index.php?rest_route=\/wp\/v2\/mec-events\/29439","targetHints":{"allow":["GET"]}}],"collection":[{"href":"https:\/\/ulmerzelt.de\/index.php?rest_route=\/wp\/v2\/mec-events"}],"about":[{"href":"https:\/\/ulmerzelt.de\/index.php?rest_route=\/wp\/v2\/types\/mec-events"}],"author":[{"embeddable":true,"href":"https:\/\/ulmerzelt.de\/index.php?rest_route=\/wp\/v2\/users\/2"}],"replies":[{"embeddable":true,"href":"https:\/\/ulmerzelt.de\/index.php?rest_route=%2Fwp%2Fv2%2Fcomments&post=29439"}],"wp:featuredmedia":[{"embeddable":true,"href":"https:\/\/ulmerzelt.de\/index.php?rest_route=\/wp\/v2\/media\/6566"}],"wp:attachment":[{"href":"https:\/\/ulmerzelt.de\/index.php?rest_route=%2Fwp%2Fv2%2Fmedia&parent=29439"}],"wp:term":[{"taxonomy":"post_tag","embeddable":true,"href":"https:\/\/ulmerzelt.de\/index.php?rest_route=%2Fwp%2Fv2%2Ftags&post=29439"},{"taxonomy":"mec_category","embeddable":true,"href":"https:\/\/ulmerzelt.de\/index.php?rest_route=%2Fwp%2Fv2%2Fmec_category&post=29439"},{"taxonomy":"mec_speaker","embeddable":true,"href":"https:\/\/ulmerzelt.de\/index.php?rest_route=%2Fwp%2Fv2%2Fmec_speaker&post=29439"},{"taxonomy":"mec_sponsor","embeddable":true,"href":"https:\/\/ulmerzelt.de\/index.php?rest_route=%2Fwp%2Fv2%2Fmec_sponsor&post=29439"}],"curies":[{"name":"wp","href":"https:\/\/api.w.org\/{rel}","templated":true}]}}

<p>Unsere traditionellen Flohmärkte finden jeweils von 08:00 bis 16:00 Uhr statt. Der Aufbau beginnt ab 5:30 Uhr. Die Standgebühr beträgt 7€/Meter und beinhaltet einen KFZ-Stellplatz. Eine Anmeldung ist nicht erforderlich und es gibt keine Alternativtermine.</p>



<p>Sollten die Wetterbedingungen zu schlecht sein, informieren wir euch über eine Absage einen Tag vor dem Flohmarkt bis spätestens 15 Uhr. Bei Fragen schreibt uns gerne an <a href="mailto:flohmarkt@ulmerzelt.de">flohmarkt@ulmerzelt.de</a></p>



<p>Es ist keine Anmeldung nötig, bitte beachtet unsere <a href="https://ulmerzelt.de/?page_id=5870">Marktordnung</a>.</p>

<p>Unsere traditionellen Flohmärkte finden jeweils von 08:00 bis 16:00 Uhr statt. Der Aufbau beginnt ab 5:30 Uhr. Die Standgebühr beträgt 7€/Meter und beinhaltet einen KFZ-Stellplatz. Eine Anmeldung ist nicht erforderlich und es gibt keine Alternativtermine. Sollten die Wetterbedingungen zu schlecht sein, informieren wir euch über eine Absage einen Tag vor dem Flohmarkt bis spätestens 15 &hellip;</p>
<p class="read-more"> <a class="ast-button" href="https://ulmerzelt.de/?mec-events=2025_flohmarkt"> <span class="screen-reader-text">Ulmer Zelt Flohmarkt</span> Read More »</a></p>
