{"id":38426,"date":"2025-12-12T12:30:00","date_gmt":"2025-12-12T11:30:00","guid":{"rendered":"https:\/\/ulmerzelt.de\/?post_type=mec-events&#038;p=38426"},"modified":"2026-03-30T16:21:08","modified_gmt":"2026-03-30T14:21:08","slug":"big-band-birthday-bash-60-jahre-joo-kraus-75-jahre-swr-big-band","status":"publish","type":"mec-events","link":"https:\/\/ulmerzelt.de\/?mec-events=big-band-birthday-bash-60-jahre-joo-kraus-75-jahre-swr-big-band","title":{"rendered":"Big Band Birthday Bash \u2013 60 Jahre Joo Kraus &amp; 75 Jahre SWR Big Band"},"content":{"rendered":"\n<p><strong>60 Jahre Joo Kraus &amp; 75 Jahre SWR Big Band<\/strong> <\/p>\n\n\n\n<p>17 Profis und zwei Jubil\u00e4en: Die SWR Big Band, eine musikalische Qualit\u00e4tsmarke im S\u00fcdwesten, feiert ihr 75-j\u00e4hriges Jubil\u00e4um und Joo Kraus das Jahr seines 60. Geburtstages gemeinsam im Ulmer Zelt. Sie pr\u00e4sentieren einen programmatisch bunten Abend mit Highlights ihrer Grammy-nominierten Alben sowie neuen Werken aus Joos Feder. Ein Heimspiel voller Spielfreude, \u00dcberraschungen und musikalischer Klasse &#8211; Breitwandsound, der die Zeltplane zum Schwingen bringt.<br><\/p>\n\n\n\n<p><\/p>\n","protected":false},"excerpt":{"rendered":"<p>60 Jahre Joo Kraus &amp; 75 Jahre SWR Big Band 17 Profis und zwei Jubil\u00e4en: Die SWR Big Band, eine musikalische Qualit\u00e4tsmarke im S\u00fcdwesten, feiert ihr 75-j\u00e4hriges Jubil\u00e4um und Joo Kraus das Jahr seines 60. Geburtstages gemeinsam im Ulmer Zelt. Sie pr\u00e4sentieren einen programmatisch bunten Abend mit Highlights ihrer Grammy-nominierten Alben sowie neuen Werken aus &hellip;<\/p>\n<p class=\"read-more\"> <a class=\"ast-button\" href=\"https:\/\/ulmerzelt.de\/?mec-events=big-band-birthday-bash-60-jahre-joo-kraus-75-jahre-swr-big-band\"> <span class=\"screen-reader-text\">Big Band Birthday Bash \u2013 60 Jahre Joo Kraus &amp; 75 Jahre SWR Big Band<\/span> Read More \u00bb<\/a><\/p>\n","protected":false},"author":3,"featured_media":38435,"comment_status":"closed","ping_status":"closed","template":"","meta":{"site-sidebar-layout":"default","site-content-layout":"default","ast-global-header-display":"","ast-main-header-display":"","ast-hfb-above-header-display":null,"ast-hfb-below-header-display":null,"ast-hfb-mobile-header-display":"","site-post-title":"","ast-breadcrumbs-content":null,"ast-featured-img":"","footer-sml-layout":"","theme-transparent-header-meta":"default","adv-header-id-meta":"","stick-header-meta":"default","header-above-stick-meta":null,"header-main-stick-meta":"","header-below-stick-meta":null,"ngg_post_thumbnail":0},"tags":[29,85,132],"mec_category":[81],"mec_speaker":[],"mec_sponsor":[250],"class_list":["post-38426","mec-events","type-mec-events","status-publish","has-post-thumbnail","hentry","tag-pop","tag-soul","tag-soulpop","mec_category-hauptprogramm"],"jetpack_sharing_enabled":true,"_links":{"self":[{"href":"https:\/\/ulmerzelt.de\/index.php?rest_route=\/wp\/v2\/mec-events\/38426","targetHints":{"allow":["GET"]}}],"collection":[{"href":"https:\/\/ulmerzelt.de\/index.php?rest_route=\/wp\/v2\/mec-events"}],"about":[{"href":"https:\/\/ulmerzelt.de\/index.php?rest_route=\/wp\/v2\/types\/mec-events"}],"author":[{"embeddable":true,"href":"https:\/\/ulmerzelt.de\/index.php?rest_route=\/wp\/v2\/users\/3"}],"replies":[{"embeddable":true,"href":"https:\/\/ulmerzelt.de\/index.php?rest_route=%2Fwp%2Fv2%2Fcomments&post=38426"}],"wp:featuredmedia":[{"embeddable":true,"href":"https:\/\/ulmerzelt.de\/index.php?rest_route=\/wp\/v2\/media\/38435"}],"wp:attachment":[{"href":"https:\/\/ulmerzelt.de\/index.php?rest_route=%2Fwp%2Fv2%2Fmedia&parent=38426"}],"wp:term":[{"taxonomy":"post_tag","embeddable":true,"href":"https:\/\/ulmerzelt.de\/index.php?rest_route=%2Fwp%2Fv2%2Ftags&post=38426"},{"taxonomy":"mec_category","embeddable":true,"href":"https:\/\/ulmerzelt.de\/index.php?rest_route=%2Fwp%2Fv2%2Fmec_category&post=38426"},{"taxonomy":"mec_speaker","embeddable":true,"href":"https:\/\/ulmerzelt.de\/index.php?rest_route=%2Fwp%2Fv2%2Fmec_speaker&post=38426"},{"taxonomy":"mec_sponsor","embeddable":true,"href":"https:\/\/ulmerzelt.de\/index.php?rest_route=%2Fwp%2Fv2%2Fmec_sponsor&post=38426"}],"curies":[{"name":"wp","href":"https:\/\/api.w.org\/{rel}","templated":true}]}}

<p><strong>60 Jahre Joo Kraus &amp; 75 Jahre SWR Big Band</strong> </p>



<p>17 Profis und zwei Jubiläen: Die SWR Big Band, eine musikalische Qualitätsmarke im Südwesten, feiert ihr 75-jähriges Jubiläum und Joo Kraus das Jahr seines 60. Geburtstages gemeinsam im Ulmer Zelt. Sie präsentieren einen programmatisch bunten Abend mit Highlights ihrer Grammy-nominierten Alben sowie neuen Werken aus Joos Feder. Ein Heimspiel voller Spielfreude, Überraschungen und musikalischer Klasse &#8211; Breitwandsound, der die Zeltplane zum Schwingen bringt.<br></p>



<p></p>

<p>60 Jahre Joo Kraus &amp; 75 Jahre SWR Big Band 17 Profis und zwei Jubiläen: Die SWR Big Band, eine musikalische Qualitätsmarke im Südwesten, feiert ihr 75-jähriges Jubiläum und Joo Kraus das Jahr seines 60. Geburtstages gemeinsam im Ulmer Zelt. Sie präsentieren einen programmatisch bunten Abend mit Highlights ihrer Grammy-nominierten Alben sowie neuen Werken aus &hellip;</p>
<p class="read-more"> <a class="ast-button" href="https://ulmerzelt.de/?mec-events=big-band-birthday-bash-60-jahre-joo-kraus-75-jahre-swr-big-band"> <span class="screen-reader-text">Big Band Birthday Bash – 60 Jahre Joo Kraus &amp; 75 Jahre SWR Big Band</span> Read More »</a></p>
