{"id":6654,"date":"2022-05-05T11:59:10","date_gmt":"2022-05-05T09:59:10","guid":{"rendered":"https:\/\/ulmerzelt.de\/?post_type=mec-events&#038;p=6654"},"modified":"2022-06-13T07:53:04","modified_gmt":"2022-06-13T05:53:04","slug":"ulmer-zelt-flohmarkt-358-677","status":"publish","type":"mec-events","link":"https:\/\/ulmerzelt.de\/?mec-events=ulmer-zelt-flohmarkt-358-677","title":{"rendered":"ulmer zelt Kinderflohmarkt &#8211; Von Kindern f\u00fcr Kinder"},"content":{"rendered":"\n<p>(Auch in Begleitung Erwachsener)<\/p>\n\n\n<div class=\"kvgmc6g5 cxmmr5t8 oygrvhab hcukyx3x c1et5uql\">Auf und rund um die Kinderspielwiese beim ulmer zelt findet der Kinderflohmarkt statt.<\/div>\n<div>\u00a0<\/div>\n<div class=\"kvgmc6g5 cxmmr5t8 oygrvhab hcukyx3x c1et5uql\">Die Zufahrt zum Platz ist erst ab 9 Uhr ge\u00f6ffnet \u2013 Bitte nicht vorher kommen! Kleine Handkarren oder Wagen zum Transport vom Parkplatz zur Wiese sind hilfreich. Wir bitten ausdr\u00fccklich darum, dass Ihre Kinder am Platz Sachen f\u00fcr Kinder verkaufen, nat\u00fcrlich auch in Begleitung Erwachsener. Wir verlangen weder Pfand noch Standgeb\u00fchr, daf\u00fcr erwarten wir einen sauber hinterlassenen Platz.<\/div>\n<div>\u00a0<\/div>\n<div class=\"kvgmc6g5 cxmmr5t8 oygrvhab hcukyx3x c1et5uql\"><strong>Viel Spa\u00df und Erfolg!<\/strong><\/div>","protected":false},"excerpt":{"rendered":"<p>(Auch in Begleitung Erwachsener) Auf und rund um die Kinderspielwiese beim ulmer zelt findet der Kinderflohmarkt statt. \u00a0 Die Zufahrt zum Platz ist erst ab 9 Uhr ge\u00f6ffnet \u2013 Bitte nicht vorher kommen! Kleine Handkarren oder Wagen zum Transport vom Parkplatz zur Wiese sind hilfreich. Wir bitten ausdr\u00fccklich darum, dass Ihre Kinder am Platz Sachen &hellip;<\/p>\n<p class=\"read-more\"> <a class=\"ast-button\" href=\"https:\/\/ulmerzelt.de\/?mec-events=ulmer-zelt-flohmarkt-358-677\"> <span class=\"screen-reader-text\">ulmer zelt Kinderflohmarkt &#8211; Von Kindern f\u00fcr Kinder<\/span> Read More \u00bb<\/a><\/p>\n","protected":false},"author":2,"featured_media":6599,"comment_status":"closed","ping_status":"closed","template":"","meta":{"site-sidebar-layout":"default","site-content-layout":"default","ast-global-header-display":"","ast-main-header-display":"","ast-hfb-above-header-display":"","ast-hfb-below-header-display":"","ast-hfb-mobile-header-display":"","site-post-title":"","ast-breadcrumbs-content":"","ast-featured-img":"","footer-sml-layout":"","theme-transparent-header-meta":"","adv-header-id-meta":"","stick-header-meta":"","header-above-stick-meta":"","header-main-stick-meta":"","header-below-stick-meta":"","ngg_post_thumbnail":0},"tags":[],"mec_category":[157],"mec_speaker":[],"mec_sponsor":[],"class_list":["post-6654","mec-events","type-mec-events","status-publish","has-post-thumbnail","hentry","mec_category-flohmarkt"],"jetpack_sharing_enabled":true,"_links":{"self":[{"href":"https:\/\/ulmerzelt.de\/index.php?rest_route=\/wp\/v2\/mec-events\/6654","targetHints":{"allow":["GET"]}}],"collection":[{"href":"https:\/\/ulmerzelt.de\/index.php?rest_route=\/wp\/v2\/mec-events"}],"about":[{"href":"https:\/\/ulmerzelt.de\/index.php?rest_route=\/wp\/v2\/types\/mec-events"}],"author":[{"embeddable":true,"href":"https:\/\/ulmerzelt.de\/index.php?rest_route=\/wp\/v2\/users\/2"}],"replies":[{"embeddable":true,"href":"https:\/\/ulmerzelt.de\/index.php?rest_route=%2Fwp%2Fv2%2Fcomments&post=6654"}],"wp:featuredmedia":[{"embeddable":true,"href":"https:\/\/ulmerzelt.de\/index.php?rest_route=\/wp\/v2\/media\/6599"}],"wp:attachment":[{"href":"https:\/\/ulmerzelt.de\/index.php?rest_route=%2Fwp%2Fv2%2Fmedia&parent=6654"}],"wp:term":[{"taxonomy":"post_tag","embeddable":true,"href":"https:\/\/ulmerzelt.de\/index.php?rest_route=%2Fwp%2Fv2%2Ftags&post=6654"},{"taxonomy":"mec_category","embeddable":true,"href":"https:\/\/ulmerzelt.de\/index.php?rest_route=%2Fwp%2Fv2%2Fmec_category&post=6654"},{"taxonomy":"mec_speaker","embeddable":true,"href":"https:\/\/ulmerzelt.de\/index.php?rest_route=%2Fwp%2Fv2%2Fmec_speaker&post=6654"},{"taxonomy":"mec_sponsor","embeddable":true,"href":"https:\/\/ulmerzelt.de\/index.php?rest_route=%2Fwp%2Fv2%2Fmec_sponsor&post=6654"}],"curies":[{"name":"wp","href":"https:\/\/api.w.org\/{rel}","templated":true}]}}

ulmer zelt Kinderflohmarkt &#8211; Von Kindern für Kinder

<p>(Auch in Begleitung Erwachsener)</p>


<div class="kvgmc6g5 cxmmr5t8 oygrvhab hcukyx3x c1et5uql">Auf und rund um die Kinderspielwiese beim ulmer zelt findet der Kinderflohmarkt statt.</div>
<div> </div>
<div class="kvgmc6g5 cxmmr5t8 oygrvhab hcukyx3x c1et5uql">Die Zufahrt zum Platz ist erst ab 9 Uhr geöffnet – Bitte nicht vorher kommen! Kleine Handkarren oder Wagen zum Transport vom Parkplatz zur Wiese sind hilfreich. Wir bitten ausdrücklich darum, dass Ihre Kinder am Platz Sachen für Kinder verkaufen, natürlich auch in Begleitung Erwachsener. Wir verlangen weder Pfand noch Standgebühr, dafür erwarten wir einen sauber hinterlassenen Platz.</div>
<div> </div>
<div class="kvgmc6g5 cxmmr5t8 oygrvhab hcukyx3x c1et5uql"><strong>Viel Spaß und Erfolg!</strong></div>

<p>(Auch in Begleitung Erwachsener) Auf und rund um die Kinderspielwiese beim ulmer zelt findet der Kinderflohmarkt statt.   Die Zufahrt zum Platz ist erst ab 9 Uhr geöffnet – Bitte nicht vorher kommen! Kleine Handkarren oder Wagen zum Transport vom Parkplatz zur Wiese sind hilfreich. Wir bitten ausdrücklich darum, dass Ihre Kinder am Platz Sachen &hellip;</p>
<p class="read-more"> <a class="ast-button" href="https://ulmerzelt.de/?mec-events=ulmer-zelt-flohmarkt-358-677"> <span class="screen-reader-text">ulmer zelt Kinderflohmarkt &#8211; Von Kindern für Kinder</span> Read More »</a></p>
