{"id":1189,"date":"2021-07-20T11:28:30","date_gmt":"2021-07-20T09:28:30","guid":{"rendered":"http:\/\/ulmerzelt.buesselmann.eu\/?page_id=1189"},"modified":"2025-07-02T09:37:28","modified_gmt":"2025-07-02T07:37:28","slug":"anfahrt","status":"publish","type":"page","link":"https:\/\/ulmerzelt.de\/?page_id=1189","title":{"rendered":"Anfahrt"},"content":{"rendered":"<div id=\"pl-1189\"  class=\"panel-layout\" ><div id=\"pg-1189-0\"  class=\"panel-grid panel-has-style\" ><div class=\"siteorigin-panels-stretch panel-row-style panel-row-style-for-1189-0\" data-stretch-type=\"full\" ><div id=\"pgc-1189-0-0\"  class=\"panel-grid-cell\" ><div id=\"panel-1189-0-0-0\" class=\"so-panel widget widget_sow-headline panel-first-child\" data-index=\"0\" ><div\n\t\t\t\n\t\t\tclass=\"so-widget-sow-headline so-widget-sow-headline-default-7e0e249978cd-1189 so-widget-fittext-wrapper\"\n\t\t\t data-fit-text-compressor=\"0.85\"\n\t\t><div class=\"sow-headline-container \">\n\t\t\t\t\t\t\t<h1 class=\"sow-headline\">\n\t\t\t\t\t\tSo finden Sie uns\t\t\t\t\t\t<\/h1>\n\t\t\t\t\t\t\t\t\t\t\t\t<h2 class=\"sow-sub-headline\">\n\t\t\t\t\t\tDas Ulmer Zelt steht in der Ulmer Friedrichsau, beim Volksfestplatz zwischen Ulm Messe und Donau.\t\t\t\t\t\t<\/h2>\n\t\t\t\t\t\t<\/div>\n<\/div><\/div><div id=\"panel-1189-0-0-1\" class=\"so-panel widget widget_sow-features panel-last-child\" data-index=\"1\" ><div\n\t\t\t\n\t\t\tclass=\"so-widget-sow-features so-widget-sow-features-default-da0064ab78d8-1189\"\n\t\t\t\n\t\t><ul\n\tclass=\"sow-features-list\n\tsow-features-responsive\">\n\n\t\t\t<li\n\t\t\tclass=\"sow-features-feature sow-icon-container-position-top\"\n\t\t\tstyle=\"display: flex; flex-direction: column; width: calc(25% - 25px);\"\n\t\t>\n\t\t\t\n\t\t\t\t\t\t<div\t\t\t\tclass=\"sow-icon-container sow-container-none\"\n\t\t\t\tstyle=\"color: #404040; \"\n\t\t\t\t\n\t\t\t\t\t\t\t>\n\t\t\t\t<span class=\"sow-icon-fontawesome sow-fas\" data-sow-icon=\"&#xf554;\"\n\t\tstyle=\"font-size: 56px; color: #424242\" \n\t\taria-hidden=\"true\"><\/span>\t\t\t<\/div>\n\n\t\t\t<div class=\"textwidget\">\n\t\t\t\t\n\t\t\t\t\t\t\t\t\t<h5 class=\"sow-features-feature-title\">\n\t\t\t\t\t\tZu Fu\u00df oder mit dem Fahrrad\t\t\t\t\t<\/h5>\n\t\t\t\t\n\t\t\t\t\t\t\t\t\t<div class=\"sow-features-feature-text\">\n\t\t\t\t\t<p>Von der Ulmer Innenstadt kommend, flu\u00dfabw\u00e4rts, auf der Ulmer Seite immer an der Donau entlang.<\/p>\n<p>Gehzeit vom Fischerviertel\/Innenstadt <strong>ca. 30 Minuten<\/strong><br \/>\nMit dem Fahrrad <strong>ca. 10 Minuten<\/strong><\/p>\n\t\t\t\t\t<\/div>\n\t\t\t\t\t\t\t\t<\/div>\n\t\t\t\t\t\t\t\t<\/li>\n\n\t\t\t<li\n\t\t\tclass=\"sow-features-feature sow-icon-container-position-top\"\n\t\t\tstyle=\"display: flex; flex-direction: column; width: calc(25% - 25px);\"\n\t\t>\n\t\t\t\n\t\t\t\t\t\t\t<div class=\"sow-features-feature-right-left-container\" style=\"display: flex; flex-direction: inherit;\">\n\t\t\t\t\t\t\t<a class=\"sow-icon-container sow-container-none\" style=\"color: #2d2d2d; \" href=\"https:\/\/www.swu.de\/privatkunden\/produkte-leistungen\/mobilitaet\/\" target=\"_blank\" rel=\"noopener noreferrer\">\n\t\t\t\t<span class=\"sow-icon-fontawesome sow-fas\" data-sow-icon=\"&#xf238;\"\n\t\tstyle=\"font-size: 56px; color: #424242\" \n\t\taria-hidden=\"true\"><\/span>\t\t\t<\/a>\n\n\t\t\t<div class=\"textwidget\">\n\t\t\t\t\t\t\t\t\t<div class=\"sow-features-feature-content\">\n\t\t\t\t\n\t\t\t\t\t\t\t\t\t<h5 class=\"sow-features-feature-title\">\n\t\t\t\t\t\tMit \u00f6ffentlichen Verkehrsmitteln\t\t\t\t\t<\/h5>\n\t\t\t\t\n\t\t\t\t\t\t\t\t\t<div class=\"sow-features-feature-text\">\n\t\t\t\t\t<p class=\"p1\"><span class=\"s1\">Vom Hauptbahnhof mit der Stra\u00dfenbahn, Linie 1, Richtung B\u00f6fingen, Haltestelle <\/span><span class=\"s2\"><strong>Donauhalle<\/strong><\/span><span class=\"s1\">, dann ca. 10 Minuten Fussweg zum Festivalplatz, um den Ausee herum.<\/span><\/p>\n\t\t\t\t\t<\/div>\n\t\t\t\t\t\t\t\t\t\t<\/div>\n\t\t\t\t\t<p class=\"sow-more-text\">\n\t\t\t\t\t\t<a href=\"https:\/\/www.swu.de\/privatkunden\/produkte-leistungen\/mobilitaet\/\" target=\"_blank\" rel=\"noopener noreferrer\">\t\t\t\t\t\tZur Fahrplanauskunft\t\t\t\t\t\t<\/a>\t\t\t\t\t<\/p>\n\t\t\t\t\t\t\t<\/div>\n\t\t\t\t\t\t\t<\/div>\n\t\t\t\t\t\t\t\t<\/li>\n\n\t\t\t<li\n\t\t\tclass=\"sow-features-feature sow-icon-container-position-top\"\n\t\t\tstyle=\"display: flex; flex-direction: column; width: calc(25% - 25px);\"\n\t\t>\n\t\t\t\n\t\t\t\t\t\t<div\t\t\t\tclass=\"sow-icon-container sow-container-none\"\n\t\t\t\tstyle=\"color: #2d2d2d; \"\n\t\t\t\t\n\t\t\t\t\t\t\t>\n\t\t\t\t<span class=\"sow-icon-fontawesome sow-fas\" data-sow-icon=\"&#xf1b9;\"\n\t\tstyle=\"font-size: 56px; color: #424242\" \n\t\taria-hidden=\"true\"><\/span>\t\t\t<\/div>\n\n\t\t\t<div class=\"textwidget\">\n\t\t\t\t\n\t\t\t\t\t\t\t\t\t<h5 class=\"sow-features-feature-title\">\n\t\t\t\t\t\tMit dem Auto\t\t\t\t\t<\/h5>\n\t\t\t\t\n\t\t\t\t\t\t\t\t\t<div class=\"sow-features-feature-text\">\n\t\t\t\t\t<p>F\u00fcr eine Anreise mit dem Auto empfehlen wir, im Navigationsger\u00e4t nach \"Ulmer Zelt\" zu suchen oder den Routenplaner unten zu verwenden. Wir haben einen gro\u00dfen Parkplatz direkt neben unserem Biergarten. Bitte beachten, dass dieser Parkplatz gelegentlich durch andere Veranstaltungen belegt sein kann und es in solchen F\u00e4llen vorkommen kann, dass vereinzelt Parkgeb\u00fchren (ulmmesse) erhoben werden.<\/p>\n\t\t\t\t\t<\/div>\n\t\t\t\t\t\t\t\t<\/div>\n\t\t\t\t\t\t\t\t<\/li>\n\n\t\t\t<li\n\t\t\tclass=\"sow-features-feature sow-icon-container-position-top\"\n\t\t\tstyle=\"display: flex; flex-direction: column; width: calc(25% - 25px);\"\n\t\t>\n\t\t\t\n\t\t\t\t\t\t<div\t\t\t\tclass=\"sow-icon-container sow-container-none\"\n\t\t\t\tstyle=\"color: #000000; \"\n\t\t\t\t\n\t\t\t\t\t\t\t>\n\t\t\t\t<span class=\"sow-icon-fontawesome sow-fas\" data-sow-icon=\"&#xf540;\"\n\t\tstyle=\"font-size: 56px; color: #dd3333\" \n\t\taria-hidden=\"true\"><\/span>\t\t\t<\/div>\n\n\t\t\t<div class=\"textwidget\">\n\t\t\t\t\n\t\t\t\t\t\t\t\t\t<h5 class=\"sow-features-feature-title\">\n\t\t\t\t\t\tParken\t\t\t\t\t<\/h5>\n\t\t\t\t\n\t\t\t\t\t\t\t\t\t<div class=\"sow-features-feature-text\">\n\t\t\t\t\t<p>Aktuell steht der gro\u00dfe Parkplatz nicht mehr zur Verf\u00fcgung. Bitte der Beschilderung zu Tor 4 folgen. Vielen Dank f\u00fcr euer Verst\u00e4ndnis!<\/p>\n\t\t\t\t\t<\/div>\n\t\t\t\t\t\t\t\t<\/div>\n\t\t\t\t\t\t\t\t<\/li>\n\n\t<\/ul>\n<\/div><\/div><\/div><\/div><\/div><div id=\"pg-1189-1\"  class=\"panel-grid panel-no-style\" ><div id=\"pgc-1189-1-0\"  class=\"panel-grid-cell\" ><div id=\"panel-1189-1-0-0\" class=\"widget_text so-panel widget widget_custom_html panel-first-child panel-last-child\" data-index=\"2\" ><div class=\"textwidget custom-html-widget\"><iframe src=\"https:\/\/www.google.com\/maps\/embed?pb=!1m18!1m12!1m3!1d2648.2487124188715!2d10.0130367152921!3d48.413369279246425!2m3!1f0!2f0!3f0!3m2!1i1024!2i768!4f13.1!3m3!1m2!1s0x479967787aac15bd%3A0xeae75ffe5796e15e!2sulmer%20zelt!5e0!3m2!1sde!2sde!4v1649150554557!5m2!1sde!2sde\" width=\"1000\" height=\"400\" style=\"border:0;\" allowfullscreen=\"\" loading=\"lazy\" referrerpolicy=\"no-referrer-when-downgrade\"><\/iframe><\/div><\/div><\/div><\/div><\/div>","protected":false},"excerpt":{"rendered":"<p>So finden Sie uns Das Ulmer Zelt steht in der Ulmer Friedrichsau, beim Volksfestplatz zwischen Ulm Messe und Donau. Zu Fu\u00df oder mit dem Fahrrad Von der Ulmer Innenstadt kommend, flu\u00dfabw\u00e4rts, auf der Ulmer Seite immer an der Donau entlang. Gehzeit vom Fischerviertel\/Innenstadt ca. 30 Minuten Mit dem Fahrrad ca. 10 Minuten Mit \u00f6ffentlichen Verkehrsmitteln &hellip;<\/p>\n<p class=\"read-more\"> <a class=\"ast-button\" href=\"https:\/\/ulmerzelt.de\/?page_id=1189\"> <span class=\"screen-reader-text\">Anfahrt<\/span> Read More \u00bb<\/a><\/p>\n","protected":false},"author":2,"featured_media":0,"parent":0,"menu_order":0,"comment_status":"closed","ping_status":"closed","template":"","meta":{"site-sidebar-layout":"no-sidebar","site-content-layout":"default","ast-global-header-display":"","ast-main-header-display":"","ast-hfb-above-header-display":"","ast-hfb-below-header-display":"","ast-hfb-mobile-header-display":"","site-post-title":"disabled","ast-breadcrumbs-content":"","ast-featured-img":"","footer-sml-layout":"","theme-transparent-header-meta":"default","adv-header-id-meta":"","stick-header-meta":"default","header-above-stick-meta":"","header-main-stick-meta":"","header-below-stick-meta":"","ngg_post_thumbnail":0,"footnotes":""},"class_list":["post-1189","page","type-page","status-publish","hentry"],"jetpack_sharing_enabled":true,"_links":{"self":[{"href":"https:\/\/ulmerzelt.de\/index.php?rest_route=\/wp\/v2\/pages\/1189","targetHints":{"allow":["GET"]}}],"collection":[{"href":"https:\/\/ulmerzelt.de\/index.php?rest_route=\/wp\/v2\/pages"}],"about":[{"href":"https:\/\/ulmerzelt.de\/index.php?rest_route=\/wp\/v2\/types\/page"}],"author":[{"embeddable":true,"href":"https:\/\/ulmerzelt.de\/index.php?rest_route=\/wp\/v2\/users\/2"}],"replies":[{"embeddable":true,"href":"https:\/\/ulmerzelt.de\/index.php?rest_route=%2Fwp%2Fv2%2Fcomments&post=1189"}],"version-history":[{"count":7,"href":"https:\/\/ulmerzelt.de\/index.php?rest_route=\/wp\/v2\/pages\/1189\/revisions"}],"predecessor-version":[{"id":33251,"href":"https:\/\/ulmerzelt.de\/index.php?rest_route=\/wp\/v2\/pages\/1189\/revisions\/33251"}],"wp:attachment":[{"href":"https:\/\/ulmerzelt.de\/index.php?rest_route=%2Fwp%2Fv2%2Fmedia&parent=1189"}],"curies":[{"name":"wp","href":"https:\/\/api.w.org\/{rel}","templated":true}]}}

<div id="pl-1189"  class="panel-layout" ><div id="pg-1189-0"  class="panel-grid panel-has-style" ><div class="siteorigin-panels-stretch panel-row-style panel-row-style-for-1189-0" data-stretch-type="full" ><div id="pgc-1189-0-0"  class="panel-grid-cell" ><div id="panel-1189-0-0-0" class="so-panel widget widget_sow-headline panel-first-child" data-index="0" ><div
			
			class="so-widget-sow-headline so-widget-sow-headline-default-7e0e249978cd-1189 so-widget-fittext-wrapper"
			 data-fit-text-compressor="0.85"
		><div class="sow-headline-container ">
							<h1 class="sow-headline">
						So finden Sie uns						</h1>
												<h2 class="sow-sub-headline">
						Das Ulmer Zelt steht in der Ulmer Friedrichsau, beim Volksfestplatz zwischen Ulm Messe und Donau.						</h2>
						</div>
</div></div><div id="panel-1189-0-0-1" class="so-panel widget widget_sow-features panel-last-child" data-index="1" ><div
			
			class="so-widget-sow-features so-widget-sow-features-default-da0064ab78d8-1189"
			
		><ul
	class="sow-features-list
	sow-features-responsive">

			<li
			class="sow-features-feature sow-icon-container-position-top"
			style="display: flex; flex-direction: column; width: calc(25% - 25px);"
		>
			
						<div				class="sow-icon-container sow-container-none"
				style="color: #404040; "
				
							>
				<span class="sow-icon-fontawesome sow-fas" data-sow-icon="&#xf554;"
		style="font-size: 56px; color: #424242" 
		aria-hidden="true"></span>			</div>

			<div class="textwidget">
				
									<h5 class="sow-features-feature-title">
						Zu Fuß oder mit dem Fahrrad					</h5>
				
									<div class="sow-features-feature-text">
					<p>Von der Ulmer Innenstadt kommend, flußabwärts, auf der Ulmer Seite immer an der Donau entlang.</p>
<p>Gehzeit vom Fischerviertel/Innenstadt <strong>ca. 30 Minuten</strong><br />
Mit dem Fahrrad <strong>ca. 10 Minuten</strong></p>
					</div>
								</div>
								</li>

			<li
			class="sow-features-feature sow-icon-container-position-top"
			style="display: flex; flex-direction: column; width: calc(25% - 25px);"
		>
			
							<div class="sow-features-feature-right-left-container" style="display: flex; flex-direction: inherit;">
							<a class="sow-icon-container sow-container-none" style="color: #2d2d2d; " href="https://www.swu.de/privatkunden/produkte-leistungen/mobilitaet/" target="_blank" rel="noopener noreferrer">
				<span class="sow-icon-fontawesome sow-fas" data-sow-icon="&#xf238;"
		style="font-size: 56px; color: #424242" 
		aria-hidden="true"></span>			</a>

			<div class="textwidget">
									<div class="sow-features-feature-content">
				
									<h5 class="sow-features-feature-title">
						Mit öffentlichen Verkehrsmitteln					</h5>
				
									<div class="sow-features-feature-text">
					<p class="p1"><span class="s1">Vom Hauptbahnhof mit der Straßenbahn, Linie 1, Richtung Böfingen, Haltestelle </span><span class="s2"><strong>Donauhalle</strong></span><span class="s1">, dann ca. 10 Minuten Fussweg zum Festivalplatz, um den Ausee herum.</span></p>
					</div>
										</div>
					<p class="sow-more-text">
						<a href="https://www.swu.de/privatkunden/produkte-leistungen/mobilitaet/" target="_blank" rel="noopener noreferrer">						Zur Fahrplanauskunft						</a>					</p>
							</div>
							</div>
								</li>

			<li
			class="sow-features-feature sow-icon-container-position-top"
			style="display: flex; flex-direction: column; width: calc(25% - 25px);"
		>
			
						<div				class="sow-icon-container sow-container-none"
				style="color: #2d2d2d; "
				
							>
				<span class="sow-icon-fontawesome sow-fas" data-sow-icon="&#xf1b9;"
		style="font-size: 56px; color: #424242" 
		aria-hidden="true"></span>			</div>

			<div class="textwidget">
				
									<h5 class="sow-features-feature-title">
						Mit dem Auto					</h5>
				
									<div class="sow-features-feature-text">
					<p>Für eine Anreise mit dem Auto empfehlen wir, im Navigationsgerät nach "Ulmer Zelt" zu suchen oder den Routenplaner unten zu verwenden. Wir haben einen großen Parkplatz direkt neben unserem Biergarten. Bitte beachten, dass dieser Parkplatz gelegentlich durch andere Veranstaltungen belegt sein kann und es in solchen Fällen vorkommen kann, dass vereinzelt Parkgebühren (ulmmesse) erhoben werden.</p>
					</div>
								</div>
								</li>

			<li
			class="sow-features-feature sow-icon-container-position-top"
			style="display: flex; flex-direction: column; width: calc(25% - 25px);"
		>
			
						<div				class="sow-icon-container sow-container-none"
				style="color: #000000; "
				
							>
				<span class="sow-icon-fontawesome sow-fas" data-sow-icon="&#xf540;"
		style="font-size: 56px; color: #dd3333" 
		aria-hidden="true"></span>			</div>

			<div class="textwidget">
				
									<h5 class="sow-features-feature-title">
						Parken					</h5>
				
									<div class="sow-features-feature-text">
					<p>Aktuell steht der große Parkplatz nicht mehr zur Verfügung. Bitte der Beschilderung zu Tor 4 folgen. Vielen Dank für euer Verständnis!</p>
					</div>
								</div>
								</li>

	</ul>
</div></div></div></div></div><div id="pg-1189-1"  class="panel-grid panel-no-style" ><div id="pgc-1189-1-0"  class="panel-grid-cell" ><div id="panel-1189-1-0-0" class="widget_text so-panel widget widget_custom_html panel-first-child panel-last-child" data-index="2" ><div class="textwidget custom-html-widget"><iframe src="https://www.google.com/maps/embed?pb=!1m18!1m12!1m3!1d2648.2487124188715!2d10.0130367152921!3d48.413369279246425!2m3!1f0!2f0!3f0!3m2!1i1024!2i768!4f13.1!3m3!1m2!1s0x479967787aac15bd%3A0xeae75ffe5796e15e!2sulmer%20zelt!5e0!3m2!1sde!2sde!4v1649150554557!5m2!1sde!2sde" width="1000" height="400" style="border:0;" allowfullscreen="" loading="lazy" referrerpolicy="no-referrer-when-downgrade"></iframe></div></div></div></div></div>

<p>So finden Sie uns Das Ulmer Zelt steht in der Ulmer Friedrichsau, beim Volksfestplatz zwischen Ulm Messe und Donau. Zu Fuß oder mit dem Fahrrad Von der Ulmer Innenstadt kommend, flußabwärts, auf der Ulmer Seite immer an der Donau entlang. Gehzeit vom Fischerviertel/Innenstadt ca. 30 Minuten Mit dem Fahrrad ca. 10 Minuten Mit öffentlichen Verkehrsmitteln &hellip;</p>
<p class="read-more"> <a class="ast-button" href="https://ulmerzelt.de/?page_id=1189"> <span class="screen-reader-text">Anfahrt</span> Read More »</a></p>
