{"id":40395,"date":"2026-03-04T14:43:27","date_gmt":"2026-03-04T13:43:27","guid":{"rendered":"https:\/\/ulmerzelt.de\/?page_id=40395"},"modified":"2026-03-10T12:36:38","modified_gmt":"2026-03-10T11:36:38","slug":"nachhaltigkeit","status":"publish","type":"page","link":"https:\/\/ulmerzelt.de\/?page_id=40395","title":{"rendered":"Nachhaltigkeit"},"content":{"rendered":"<div id=\"pl-40395\"  class=\"panel-layout\" ><div id=\"pg-40395-0\"  class=\"panel-grid panel-has-style\" ><div class=\"siteorigin-panels-stretch panel-row-style panel-row-style-for-40395-0\" data-stretch-type=\"full-width-stretch\" ><div id=\"pgc-40395-0-0\"  class=\"panel-grid-cell\" ><div id=\"panel-40395-0-0-0\" class=\"so-panel widget widget_sow-image-grid panel-first-child panel-last-child\" data-index=\"0\" ><div\n\t\t\t\n\t\t\tclass=\"so-widget-sow-image-grid so-widget-sow-image-grid-default-2466f1d614de-40395\"\n\t\t\t\n\t\t>\t<div\n\t\tclass=\"sow-image-grid-wrapper\"\n\t\t\t\t\t>\n\t\t\t\t\t<div class=\"sow-image-grid-image\">\n\t\t\t\t\t\t\t\t\t\t\t\t<img loading=\"lazy\" decoding=\"async\" width=\"2560\" height=\"840\" src=\"https:\/\/ulmerzelt.de\/wp-content\/uploads\/2026\/03\/Nachhaltigkeit-Headerbild-3-scaled-e1772637562425.jpg\" class=\"sow-image-grid-image_html\" alt=\"\" title=\"Nachhaltigkeit Headerbild 3\" srcset=\"https:\/\/ulmerzelt.de\/wp-content\/uploads\/2026\/03\/Nachhaltigkeit-Headerbild-3-scaled-e1772637562425.jpg 2560w, https:\/\/ulmerzelt.de\/wp-content\/uploads\/2026\/03\/Nachhaltigkeit-Headerbild-3-scaled-e1772637562425-1200x394.jpg 1200w, https:\/\/ulmerzelt.de\/wp-content\/uploads\/2026\/03\/Nachhaltigkeit-Headerbild-3-scaled-e1772637562425-1600x525.jpg 1600w, https:\/\/ulmerzelt.de\/wp-content\/uploads\/2026\/03\/Nachhaltigkeit-Headerbild-3-scaled-e1772637562425-768x252.jpg 768w, https:\/\/ulmerzelt.de\/wp-content\/uploads\/2026\/03\/Nachhaltigkeit-Headerbild-3-scaled-e1772637562425-1536x504.jpg 1536w, https:\/\/ulmerzelt.de\/wp-content\/uploads\/2026\/03\/Nachhaltigkeit-Headerbild-3-scaled-e1772637562425-2048x672.jpg 2048w\" sizes=\"auto, (max-width: 2560px) 100vw, 2560px\" \/>\t\t\t\t\t\t\t\t\t\t\t<\/div>\n\t\t\t<\/div>\n<\/div><\/div><\/div><\/div><\/div><div id=\"pg-40395-1\"  class=\"panel-grid panel-no-style\" ><div id=\"pgc-40395-1-0\"  class=\"panel-grid-cell\" ><div id=\"panel-40395-1-0-0\" class=\"so-panel widget widget_sow-image-grid panel-first-child\" data-index=\"1\" ><div\n\t\t\t\n\t\t\tclass=\"so-widget-sow-image-grid so-widget-sow-image-grid-default-2466f1d614de-40395\"\n\t\t\t\n\t\t>\t<div\n\t\tclass=\"sow-image-grid-wrapper\"\n\t\t\t\t\t>\n\t\t\t\t\t<div class=\"sow-image-grid-image\">\n\t\t\t\t\t\t\t\t\t\t\t\t<img loading=\"lazy\" decoding=\"async\" width=\"14659\" height=\"6068\" src=\"https:\/\/ulmerzelt.de\/wp-content\/uploads\/2026\/03\/Warum-Nachhaltigkeit.jpg\" class=\"sow-image-grid-image_html\" alt=\"\" title=\"Warum Nachhaltigkeit\" \/>\t\t\t\t\t\t\t\t\t\t\t<\/div>\n\t\t\t<\/div>\n<\/div><\/div><div id=\"panel-40395-1-0-1\" class=\"so-panel widget widget_sow-editor panel-last-child\" data-index=\"2\" ><div\n\t\t\t\n\t\t\tclass=\"so-widget-sow-editor so-widget-sow-editor-base\"\n\t\t\t\n\t\t>\n<div class=\"siteorigin-widget-tinymce textwidget\">\n\t<p style=\"text-align: center;\">Als Kulturfestival im Gr\u00fcnen \u00fcbernehmen wir Verantwortung \u2013 f\u00fcr unsere Umwelt, f\u00fcr unsere Stadtgesellschaft und f\u00fcr die Menschen, die das ulmer zelt m\u00f6glich machen und besuchen. Nachhaltigkeit ist f\u00fcr uns kein Zusatz, sondern Teil unseres Selbstverst\u00e4ndnisses. Deshalb haben wir uns bewusst daf\u00fcr entschieden, unsere Ma\u00dfnahmen transparent zu machen und kontinuierlich weiterzuentwickeln. Das ulmer zelt ist als <strong>Green Event BW<\/strong> zertifiziert.<\/p>\n<\/div>\n<\/div><\/div><\/div><div id=\"pgc-40395-1-1\"  class=\"panel-grid-cell\" ><div id=\"panel-40395-1-1-0\" class=\"so-panel widget widget_sow-image-grid panel-first-child\" data-index=\"3\" ><div\n\t\t\t\n\t\t\tclass=\"so-widget-sow-image-grid so-widget-sow-image-grid-default-2466f1d614de-40395\"\n\t\t\t\n\t\t>\t<div\n\t\tclass=\"sow-image-grid-wrapper\"\n\t\t\t\t\t>\n\t\t\t\t\t<div class=\"sow-image-grid-image\">\n\t\t\t\t\t\t\t\t\t\t\t\t<img loading=\"lazy\" decoding=\"async\" width=\"14659\" height=\"6068\" src=\"https:\/\/ulmerzelt.de\/wp-content\/uploads\/2026\/03\/Was-bedeutet-Green-Event-BW-fuer-uns.jpg\" class=\"sow-image-grid-image_html\" alt=\"\" title=\"Was bedeutet Green Event BW f\u00fcr uns\" \/>\t\t\t\t\t\t\t\t\t\t\t<\/div>\n\t\t\t<\/div>\n<\/div><\/div><div id=\"panel-40395-1-1-1\" class=\"so-panel widget widget_sow-editor panel-last-child\" data-index=\"4\" ><div\n\t\t\t\n\t\t\tclass=\"so-widget-sow-editor so-widget-sow-editor-base\"\n\t\t\t\n\t\t>\n<div class=\"siteorigin-widget-tinymce textwidget\">\n\t<p style=\"text-align: center;\">Die Zertifizierung <strong>Green Event BW<\/strong> zeichnet Veranstaltungen aus, die \u00f6kologische, soziale und organisatorische Nachhaltigkeit systematisch ber\u00fccksichtigen. F\u00fcr uns ist sie Ansporn und Orientierung zugleich: Sie hilft uns, bestehende Ma\u00dfnahmen zu \u00fcberpr\u00fcfen, neue Ziele zu formulieren und unseren Fortschritt sichtbar zu machen.<\/p>\n<\/div>\n<\/div><\/div><\/div><div id=\"pgc-40395-1-2\"  class=\"panel-grid-cell\" ><div id=\"panel-40395-1-2-0\" class=\"so-panel widget widget_sow-image-grid panel-first-child\" data-index=\"5\" ><div\n\t\t\t\n\t\t\tclass=\"so-widget-sow-image-grid so-widget-sow-image-grid-default-2466f1d614de-40395\"\n\t\t\t\n\t\t>\t<div\n\t\tclass=\"sow-image-grid-wrapper\"\n\t\t\t\t\t>\n\t\t\t\t\t<div class=\"sow-image-grid-image\">\n\t\t\t\t\t\t\t\t\t\t\t\t<img loading=\"lazy\" decoding=\"async\" width=\"14659\" height=\"6068\" src=\"https:\/\/ulmerzelt.de\/wp-content\/uploads\/2026\/03\/unsere-Haltung.jpg\" class=\"sow-image-grid-image_html\" alt=\"\" title=\"unsere Haltung\" \/>\t\t\t\t\t\t\t\t\t\t\t<\/div>\n\t\t\t<\/div>\n<\/div><\/div><div id=\"panel-40395-1-2-1\" class=\"so-panel widget widget_sow-editor panel-last-child\" data-index=\"6\" ><div\n\t\t\t\n\t\t\tclass=\"so-widget-sow-editor so-widget-sow-editor-base\"\n\t\t\t\n\t\t>\n<div class=\"siteorigin-widget-tinymce textwidget\">\n\t<p style=\"text-align: center;\">Unsere Vision ist es, Nachhaltigkeit langfristig im ulmer zelt zu verankern. Wir verstehen sie als fortlaufenden Prozess, bei dem wir besser werden wollen \u2013 gemeinsam mit unserem Team, unseren K\u00fcnstler*innen, Partner*innen und unserem Publikum. Denn Nachhaltigkeit ist Gemeinschaftssache. Nachhaltigkeit flie\u00dft bei uns bewusst in interne Planungen und Entscheidungen ein \u2013 von der Idee \u00fcber die konkrete Organisation bis zur Durchf\u00fchrung des Festivals.<\/p>\n<p>&nbsp;<\/p>\n<\/div>\n<\/div><\/div><\/div><\/div><div id=\"pg-40395-2\"  class=\"panel-grid panel-has-style\" ><div class=\"panel-row-style panel-row-style-for-40395-2\" ><div id=\"pgc-40395-2-0\"  class=\"panel-grid-cell\" ><div id=\"panel-40395-2-0-0\" class=\"so-panel widget widget_shortcodes-ultimate shortcodes-ultimate panel-first-child\" data-index=\"7\" ><div class=\"panel-widget-style panel-widget-style-for-40395-2-0-0\" ><div class=\"textwidget\"><div class=\"su-divider su-divider-style-default\" style=\"margin:15px 0;border-width:2px;border-color:#00529F\"><\/div><\/div><\/div><\/div><div id=\"panel-40395-2-0-1\" class=\"so-panel widget widget_sow-headline\" data-index=\"8\" ><div\n\t\t\t\n\t\t\tclass=\"so-widget-sow-headline so-widget-sow-headline-default-46aa506b7817-40395 so-widget-fittext-wrapper\"\n\t\t\t data-fit-text-compressor=\"0.85\"\n\t\t><div class=\"sow-headline-container \">\n\t\t\t\t\t\t\t<h1 class=\"sow-headline\">\n\t\t\t\t\t\tWas wir bereits umsetzen\t\t\t\t\t\t<\/h1>\n\t\t\t\t\t\t<\/div>\n<\/div><\/div><div id=\"panel-40395-2-0-2\" class=\"so-panel widget widget_sow-features\" data-index=\"9\" ><div class=\"panel-widget-style panel-widget-style-for-40395-2-0-2\" ><div\n\t\t\t\n\t\t\tclass=\"so-widget-sow-features so-widget-sow-features-default-6e2dca143342-40395\"\n\t\t\t\n\t\t><ul\n\tclass=\"sow-features-list\n\tsow-features-responsive\">\n\n\t\t\t<li\n\t\t\tclass=\"sow-features-feature sow-icon-container-position-top\"\n\t\t\tstyle=\"display: flex; flex-direction: column; width: calc(33.333% - 25px);\"\n\t\t>\n\t\t\t\n\t\t\t\t\t\t<div\t\t\t\tclass=\"sow-icon-container sow-container-none\"\n\t\t\t\tstyle=\"color: #404040; \"\n\t\t\t\t\n\t\t\t\t\t\t\t>\n\t\t\t\t<span class=\"sow-icon-fontawesome sow-fas\" data-sow-icon=\"&#xf0e7;\"\n\t\tstyle=\"font-size: 40px; color: #333333\" \n\t\taria-hidden=\"true\"><\/span>\t\t\t<\/div>\n\n\t\t\t<div class=\"textwidget\">\n\t\t\t\t\n\t\t\t\t\t\t\t\t\t<h1 class=\"sow-features-feature-title\">\n\t\t\t\t\t\tEnergie\t\t\t\t\t<\/h1>\n\t\t\t\t\n\t\t\t\t\t\t\t\t\t<div class=\"sow-features-feature-text\">\n\t\t\t\t\t<p>Einsatz energieeffizienter Ger\u00e4te<\/p>\n<p>Verwendung von LED-Beleuchtung<\/p>\n<p>Versorgung mit 100\u202f% \u00d6kostrom<\/p>\n\t\t\t\t\t<\/div>\n\t\t\t\t\t\t\t\t<\/div>\n\t\t\t\t\t\t\t\t<\/li>\n\n\t\t\t<li\n\t\t\tclass=\"sow-features-feature sow-icon-container-position-top\"\n\t\t\tstyle=\"display: flex; flex-direction: column; width: calc(33.333% - 25px);\"\n\t\t>\n\t\t\t\n\t\t\t\t\t\t<div\t\t\t\tclass=\"sow-icon-container sow-container-none\"\n\t\t\t\tstyle=\"color: #404040; \"\n\t\t\t\t\n\t\t\t\t\t\t\t>\n\t\t\t\t<span class=\"sow-icon-fontawesome sow-fas\" data-sow-icon=\"&#xe5b4;\"\n\t\tstyle=\"font-size: 40px; color: #333333\" \n\t\taria-hidden=\"true\"><\/span>\t\t\t<\/div>\n\n\t\t\t<div class=\"textwidget\">\n\t\t\t\t\n\t\t\t\t\t\t\t\t\t<h1 class=\"sow-features-feature-title\">\n\t\t\t\t\t\tMobilit\u00e4t\t\t\t\t\t<\/h1>\n\t\t\t\t\n\t\t\t\t\t\t\t\t\t<div class=\"sow-features-feature-text\">\n\t\t\t\t\t<p>gute Erreichbarkeit mit \u00f6ffentlichen Verkehrsmitteln<\/p>\n<p>Lage direkt am Donauradweg<\/p>\n<p>Bereitstellung von Fahrradabstellpl\u00e4tzen<\/p>\n<p>attraktiver Fu\u00dfweg durch die Friedrichsau<\/p>\n\t\t\t\t\t<\/div>\n\t\t\t\t\t\t\t\t<\/div>\n\t\t\t\t\t\t\t\t<\/li>\n\n\t\t\t<li\n\t\t\tclass=\"sow-features-feature sow-icon-container-position-top\"\n\t\t\tstyle=\"display: flex; flex-direction: column; width: calc(33.333% - 25px);\"\n\t\t>\n\t\t\t\n\t\t\t\t\t\t<div\t\t\t\tclass=\"sow-icon-container sow-container-none\"\n\t\t\t\tstyle=\"color: #404040; \"\n\t\t\t\t\n\t\t\t\t\t\t\t>\n\t\t\t\t<span class=\"sow-icon-fontawesome sow-fas\" data-sow-icon=\"&#xf2ed;\"\n\t\tstyle=\"font-size: 40px; color: #333333\" \n\t\taria-hidden=\"true\"><\/span>\t\t\t<\/div>\n\n\t\t\t<div class=\"textwidget\">\n\t\t\t\t\n\t\t\t\t\t\t\t\t\t<h1 class=\"sow-features-feature-title\">\n\t\t\t\t\t\tM\u00fcllvermeidung\t\t\t\t\t<\/h1>\n\t\t\t\t\n\t\t\t\t\t\t\t\t\t<div class=\"sow-features-feature-text\">\n\t\t\t\t\t<p>Verwendung von Mehrweggeschirr<\/p>\n<p>konsequente M\u00fclltrennung im Mitarbeiter- und Backstagebereich<\/p>\n<p>Weitergabe nicht mehr ben\u00f6tigter Printmaterialien an karitative Einrichtungen zur Weiterverarbeitung<\/p>\n\t\t\t\t\t<\/div>\n\t\t\t\t\t\t\t\t<\/div>\n\t\t\t\t\t\t\t\t<\/li>\n\n\t\t\t<li\n\t\t\tclass=\"sow-features-feature sow-icon-container-position-top\"\n\t\t\tstyle=\"display: flex; flex-direction: column; width: calc(33.333% - 25px);\"\n\t\t>\n\t\t\t\n\t\t\t\t\t\t<div\t\t\t\tclass=\"sow-icon-container sow-container-none\"\n\t\t\t\tstyle=\"color: #404040; \"\n\t\t\t\t\n\t\t\t\t\t\t\t>\n\t\t\t\t<span class=\"sow-icon-fontawesome sow-fas\" data-sow-icon=\"&#xe2eb;\"\n\t\tstyle=\"font-size: 40px; color: #333333\" \n\t\taria-hidden=\"true\"><\/span>\t\t\t<\/div>\n\n\t\t\t<div class=\"textwidget\">\n\t\t\t\t\n\t\t\t\t\t\t\t\t\t<h1 class=\"sow-features-feature-title\">\n\t\t\t\t\t\tGastronomie\t\t\t\t\t<\/h1>\n\t\t\t\t\n\t\t\t\t\t\t\t\t\t<div class=\"sow-features-feature-text\">\n\t\t\t\t\t<p>Vielf\u00e4ltiges Speisen- und Getr\u00e4nkeangebot<\/p>\n<p>Teilweise biologische Produkte<\/p>\n<p>Vegane und vegetarische Optionen<\/p>\n<p>Verarbeitung regionaler Produkte<\/p>\n\t\t\t\t\t<\/div>\n\t\t\t\t\t\t\t\t<\/div>\n\t\t\t\t\t\t\t\t<\/li>\n\n\t\t\t<li\n\t\t\tclass=\"sow-features-feature sow-icon-container-position-top\"\n\t\t\tstyle=\"display: flex; flex-direction: column; width: calc(33.333% - 25px);\"\n\t\t>\n\t\t\t\n\t\t\t\t\t\t<div\t\t\t\tclass=\"sow-icon-container sow-container-none\"\n\t\t\t\tstyle=\"color: #404040; \"\n\t\t\t\t\n\t\t\t\t\t\t\t>\n\t\t\t\t<span class=\"sow-icon-fontawesome sow-fas\" data-sow-icon=\"&#xf193;\"\n\t\tstyle=\"font-size: 40px; color: #333333\" \n\t\taria-hidden=\"true\"><\/span>\t\t\t<\/div>\n\n\t\t\t<div class=\"textwidget\">\n\t\t\t\t\n\t\t\t\t\t\t\t\t\t<h1 class=\"sow-features-feature-title\">\n\t\t\t\t\t\tBarrierefreiheit\t\t\t\t\t<\/h1>\n\t\t\t\t\n\t\t\t\t\t\t\t\t\t<div class=\"sow-features-feature-text\">\n\t\t\t\t\t<p>barrierearmes Veranstaltungsgel\u00e4nde<\/p>\n<p>barrierefreie WC-Anlagen<\/p>\n<p>bevorzugter Einlass f\u00fcr Rollstuhlfahrer*innen inkl. Begleitperson und mobilit\u00e4tseingeschr\u00e4nkte Personen<\/p>\n\t\t\t\t\t<\/div>\n\t\t\t\t\t\t\t\t<\/div>\n\t\t\t\t\t\t\t\t<\/li>\n\n\t<\/ul>\n<\/div><\/div><\/div><div id=\"panel-40395-2-0-3\" class=\"so-panel widget widget_shortcodes-ultimate shortcodes-ultimate panel-last-child\" data-index=\"10\" ><div class=\"panel-widget-style panel-widget-style-for-40395-2-0-3\" ><div class=\"textwidget\"><div class=\"su-divider su-divider-style-default\" style=\"margin:15px 0;border-width:2px;border-color:#00529F\"><\/div><\/div><\/div><\/div><\/div><\/div><\/div><div id=\"pg-40395-3\"  class=\"panel-grid panel-has-style\" ><div class=\"panel-row-style panel-row-style-for-40395-3\" ><div id=\"pgc-40395-3-0\"  class=\"panel-grid-cell\" ><div id=\"panel-40395-3-0-0\" class=\"so-panel widget widget_sow-image panel-first-child panel-last-child\" data-index=\"11\" ><div class=\"panel-widget-style panel-widget-style-for-40395-3-0-0\" ><div\n\t\t\t\n\t\t\tclass=\"so-widget-sow-image so-widget-sow-image-default-8b5b6f678277-40395\"\n\t\t\t\n\t\t>\n<div class=\"sow-image-container\">\n\t\t<img \n\tsrc=\"https:\/\/ulmerzelt.de\/wp-content\/uploads\/2026\/03\/Wo-wir-uns-weiterentwickeln-wollen2.jpg\" width=\"13374\" height=\"6068\" sizes=\"(max-width: 13374px) 100vw, 13374px\" title=\"Website Bilder Green Event BW\" alt=\"\" \t\tclass=\"so-widget-image\"\/>\n\t<\/div>\n\n<\/div><\/div><\/div><\/div><div id=\"pgc-40395-3-1\"  class=\"panel-grid-cell\" ><div id=\"panel-40395-3-1-0\" class=\"so-panel widget widget_sow-editor panel-first-child panel-last-child\" data-index=\"12\" ><div class=\"panel-widget-style panel-widget-style-for-40395-3-1-0\" ><div\n\t\t\t\n\t\t\tclass=\"so-widget-sow-editor so-widget-sow-editor-base\"\n\t\t\t\n\t\t>\n<div class=\"siteorigin-widget-tinymce textwidget\">\n\t<p>&nbsp;<\/p>\n<p><strong>Unser Nachhaltigkeitsweg soll ein fortlaufender sein. Denn wir sind noch nicht perfekt, sondern wollen besser werden.<\/strong><\/p>\n<p>Zum Beispiel hierbei:<\/p>\n<ul>\n<li>Ausbau des Bio-Anteils bei Speisen und Getr\u00e4nken f\u00fcr G\u00e4ste, K\u00fcnstler*innen und Mitarbeitende<\/li>\n<li>Weiterentwicklung beim Thema \u201eEnergie\u201c, beispielsweise M\u00f6glichkeiten eigener Energiegewinnung<\/li>\n<li>Entwicklung zus\u00e4tzlicher Anreize f\u00fcr eine klimafreundliche Anreise<\/li>\n<\/ul>\n<\/div>\n<\/div><\/div><\/div><\/div><\/div><\/div><div id=\"pg-40395-4\"  class=\"panel-grid panel-no-style\" ><div id=\"pgc-40395-4-0\"  class=\"panel-grid-cell\" ><div id=\"panel-40395-4-0-0\" class=\"so-panel widget widget_shortcodes-ultimate shortcodes-ultimate panel-first-child\" data-index=\"13\" ><div class=\"panel-widget-style panel-widget-style-for-40395-4-0-0\" ><div class=\"textwidget\"><div class=\"su-divider su-divider-style-default\" style=\"margin:15px 0;border-width:2px;border-color:#00529F\"><\/div><\/div><\/div><\/div><div id=\"panel-40395-4-0-1\" class=\"so-panel widget widget_sow-headline\" data-index=\"14\" ><div\n\t\t\t\n\t\t\tclass=\"so-widget-sow-headline so-widget-sow-headline-default-46aa506b7817-40395 so-widget-fittext-wrapper\"\n\t\t\t data-fit-text-compressor=\"0.85\"\n\t\t><div class=\"sow-headline-container \">\n\t\t\t\t\t\t\t<h1 class=\"sow-headline\">\n\t\t\t\t\t\tWas ist Green Event BW?\t\t\t\t\t\t<\/h1>\n\t\t\t\t\t\t<\/div>\n<\/div><\/div><div id=\"panel-40395-4-0-2\" class=\"so-panel widget widget_sow-editor panel-last-child\" data-index=\"15\" ><div\n\t\t\t\n\t\t\tclass=\"so-widget-sow-editor so-widget-sow-editor-base\"\n\t\t\t\n\t\t>\n<div class=\"siteorigin-widget-tinymce textwidget\">\n\t<p style=\"text-align: center;\"><strong>Green Event BW<\/strong> ist ein Instrument der Nachhaltigkeitsstrategie Baden-W\u00fcrttemberg.<\/p>\n<p style=\"text-align: center;\">Es macht nachhaltiges, umweltfreundliches und klimasch\u00fctzendes Veranstaltungsmanagement \u00f6ffentlich sichtbar und bietet Veranstalter*innen klare Kriterien zur Orientierung und Weiterentwicklung.<\/p>\n<p style=\"text-align: center;\">Mehr dazu findet ihr <a href=\"https:\/\/www.nachhaltigkeitsstrategie.de\/greeneventbw\" target=\"_blank\" rel=\"noopener\"><strong>hier<\/strong><\/a> \u00fcber die Seite des Landes Baden-W\u00fcrttemberg.&nbsp;<\/p>\n<\/div>\n<\/div><\/div><\/div><\/div><\/div>","protected":false},"excerpt":{"rendered":"<p>Als Kulturfestival im Gr\u00fcnen \u00fcbernehmen wir Verantwortung \u2013 f\u00fcr unsere Umwelt, f\u00fcr unsere Stadtgesellschaft und f\u00fcr die Menschen, die das ulmer zelt m\u00f6glich machen und besuchen. Nachhaltigkeit ist f\u00fcr uns kein Zusatz, sondern Teil unseres Selbstverst\u00e4ndnisses. Deshalb haben wir uns bewusst daf\u00fcr entschieden, unsere Ma\u00dfnahmen transparent zu machen und kontinuierlich weiterzuentwickeln. Das ulmer zelt ist &hellip;<\/p>\n<p class=\"read-more\"> <a class=\"ast-button\" href=\"https:\/\/ulmerzelt.de\/?page_id=40395\"> <span class=\"screen-reader-text\">Nachhaltigkeit<\/span> Read More \u00bb<\/a><\/p>\n","protected":false},"author":218,"featured_media":0,"parent":0,"menu_order":0,"comment_status":"closed","ping_status":"closed","template":"","meta":{"site-sidebar-layout":"default","site-content-layout":"plain-container","ast-global-header-display":"","ast-main-header-display":"","ast-hfb-above-header-display":"","ast-hfb-below-header-display":"","ast-hfb-mobile-header-display":"","site-post-title":"disabled","ast-breadcrumbs-content":"","ast-featured-img":"disabled","footer-sml-layout":"","theme-transparent-header-meta":"default","adv-header-id-meta":"","stick-header-meta":"default","header-above-stick-meta":"","header-main-stick-meta":"","header-below-stick-meta":"","ngg_post_thumbnail":0,"footnotes":""},"class_list":["post-40395","page","type-page","status-publish","hentry"],"jetpack_sharing_enabled":true,"_links":{"self":[{"href":"https:\/\/ulmerzelt.de\/index.php?rest_route=\/wp\/v2\/pages\/40395","targetHints":{"allow":["GET"]}}],"collection":[{"href":"https:\/\/ulmerzelt.de\/index.php?rest_route=\/wp\/v2\/pages"}],"about":[{"href":"https:\/\/ulmerzelt.de\/index.php?rest_route=\/wp\/v2\/types\/page"}],"author":[{"embeddable":true,"href":"https:\/\/ulmerzelt.de\/index.php?rest_route=\/wp\/v2\/users\/218"}],"replies":[{"embeddable":true,"href":"https:\/\/ulmerzelt.de\/index.php?rest_route=%2Fwp%2Fv2%2Fcomments&post=40395"}],"version-history":[{"count":17,"href":"https:\/\/ulmerzelt.de\/index.php?rest_route=\/wp\/v2\/pages\/40395\/revisions"}],"predecessor-version":[{"id":40598,"href":"https:\/\/ulmerzelt.de\/index.php?rest_route=\/wp\/v2\/pages\/40395\/revisions\/40598"}],"wp:attachment":[{"href":"https:\/\/ulmerzelt.de\/index.php?rest_route=%2Fwp%2Fv2%2Fmedia&parent=40395"}],"curies":[{"name":"wp","href":"https:\/\/api.w.org\/{rel}","templated":true}]}}